en 13476 is divided by 4086?
1218
What is the remainder when 245 is divided by 105?
35
What is the remainder when 1180190 is divided by 26?
24
What is the remainder when 212235 is divided by 17?
7
What is the remainder when 7558 is divided by 969?
775
What is the remainder when 783 is divided by 743?
40
Calculate the remainder when 44296 is divided by 74.
44
Calculate the remainder when 1723 is divided by 138.
67
Calculate the remainder when 192557 is divided by 64181.
14
What is the remainder when 12075 is divided by 64?
43
What is the remainder when 21324 is divided by 84?
72
Calculate the remainder when 46057 is divided by 822.
25
Calculate the remainder when 398502 is divided by 218.
216
Calculate the remainder when 12447 is divided by 12189.
258
What is the remainder when 22298 is divided by 858?
848
Calculate the remainder when 3472 is divided by 171.
52
Calculate the remainder when 196663 is divided by 81.
76
Calculate the remainder when 14391 is divided by 7184.
23
What is the remainder when 132357 is divided by 1487?
14
Calculate the remainder when 5134 is divided by 5130.
4
Calculate the remainder when 4495 is divided by 90.
85
What is the remainder when 1900 is divided by 47?
20
What is the remainder when 42400 is divided by 1060?
0
Calculate the remainder when 4605 is divided by 418.
7
What is the remainder when 215 is divided by 6?
5
Calculate the remainder when 18485 is divided by 6143.
56
Calculate the remainder when 146227 is divided by 146.
81
What is the remainder when 3309 is divided by 328?
29
Calculate the remainder when 9814 is divided by 654.
4
What is the remainder when 10203 is divided by 792?
699
What is the remainder when 19137 is divided by 1594?
9
What is the remainder when 5719 is divided by 33?
10
Calculate the remainder when 100690 is divided by 699.
34
Calculate the remainder when 187679 is divided by 69.
68
Calculate the remainder when 313325 is divided by 39.
38
Calculate the remainder when 510179 is divided by 65.
59
Calculate the remainder when 792878 is divided by 60.
38
Calculate the remainder when 879 is divided by 70.
39
What is the remainder when 169962 is divided by 776?
18
What is the remainder when 82190 is divided by 427?
206
What is the remainder when 22466 is divided by 7407?
245
Calculate the remainder when 260575 is divided by 634.
1
Calculate the remainder when 272425 is divided by 86.
63
What is the remainder when 3613 is divided by 44?
5
Calculate the remainder when 1240 is divided by 246.
10
What is the remainder when 12277 is divided by 756?
181
What is the remainder when 2720 is divided by 7?
4
Calculate the remainder when 1379317 is divided by 1024.
1013
Calculate the remainder when 2218 is divided by 171.
166
What is the remainder when 400776 is divided by 89?
9
What is the remainder when 3357 is divided by 381?
309
Calculate the remainder when 1679 is divided by 330.
29
What is the remainder when 473 is divided by 242?
231
Calculate the remainder when 20838 is divided by 379.
372
Calculate the remainder when 6616 is divided by 911.
239
Calculate the remainder when 646 is divided by 328.
318
Calculate the remainder when 238298 is divided by 13.
8
What is the remainder when 57209 is divided by 1217?
10
Calculate the remainder when 12257 is divided by 3058.
25
Calculate the remainder when 475938 is divided by 1451.
10
What is the remainder when 7417 is divided by 27?
19
What is the remainder when 2269 is divided by 25?
19
Calculate the remainder when 160331 is divided by 6166.
15
Calculate the remainder when 217160 is divided by 383.
382
Calculate the remainder when 3015 is divided by 3.
0
What is the remainder when 24146 is divided by 68?
6
What is the remainder when 1013 is divided by 227?
105
Calculate the remainder when 140937 is divided by 338.
329
What is the remainder when 6826 is divided by 1709?
1699
Calculate the remainder when 50866 is divided by 10164.
46
What is the remainder when 763636 is divided by 68?
64
Calculate the remainder when 3239 is divided by 415.
334
Calculate the remainder when 13550 is divided by 590.
570
Calculate the remainder when 123643 is divided by 61817.
9
What is the remainder when 9843537 is divided by 1387?
1385
Calculate the remainder when 22398 is divided by 509.
2
What is the remainder when 88737 is divided by 3?
0
What is the remainder when 3413590 is divided by 504?
502
Calculate the remainder when 6371 is divided by 112.
99
Calculate the remainder when 1405 is divided by 254.
135
Calculate the remainder when 14281 is divided by 201.
10
What is the remainder when 80601 is divided by 16120?
1
Calculate the remainder when 177938 is divided by 44483.
6
Calculate the remainder when 10591 is divided by 10590.
1
What is the remainder when 266849 is divided by 1059?
1040
Calculate the remainder when 36841 is divided by 25.
16
What is the remainder when 543081 is divided by 542?
539
Calculate the remainder when 1574 is divided by 626.
322
Calculate the remainder when 315 is divided by 140.
35
Calculate the remainder when 162491 is divided by 162485.
6
Calculate the remainder when 251061 is divided by 67.
12
Calculate the remainder when 633 is divided by 33.
6
What is the remainder when 18982 is divided by 642?
364
Calculate the remainder when 1145207 is divided by 110.
107
Calculate the remainder when 4150 is divided by 815.
75
Calculate the remainder when 26373 is divided by 76.
1
Calculate the remainder when 5482 is divided by 2699.
84
Calculate the remainder when 4929 is divided by 821.
3
Calculate the remainder when 18582 is divided by 98.
60
Calculate the remainder when 83345 is divided by 27779.
8
Calculate the remainder when 902 is divided by 164.
82
Calculate the remainder when 905 is divided by 18.
5
What is the remainder when 28536 is divided by 39?
27
Calculate the remainder when 64312 is divided by 3781.
35
What is the remainder when 11343 is divided by 81?
3
Calculate the remainder when 3522 is divided by 249.
36
Calculate the remainder when 1345171 is divided by 122.
121
Calculate the remainder when 7922 is divided by 19.
18
What is the remainder when 16612 is divided by 37?
36
Calculate the remainder when 48745 is divided by 12184.
9
Calculate the remainder when 183639 is divided by 1.
0
Calculate the remainder when 4203 is divided by 292.
115
What is the remainder when 53992 is divided by 13487?
44
Calculate the remainder when 4582 is divided by 385.
347
What is the remainder when 5116 is divided by 128?
124
What is the remainder when 5307 is divided by 1091?
943
What is the remainder when 1295893 is divided by 1022?
1019
What is the remainder when 18778 is divided by 69?
10
What is the remainder when 13475 is divided by 683?
498
Calculate the remainder when 1457 is divided by 1438.
19
What is the remainder when 15094 is divided by 53?
42
What is the remainder when 22031 is divided by 5?
1
What is the remainder when 43995 is divided by 55?
50
What is the remainder when 24137 is divided by 326?
13
What is the remainder when 2850404 is divided by 289?
286
What is the remainder when 8982 is divided by 898?
2
What is the remainder when 61014 is divided by 20336?
6
Calculate the remainder when 5482 is divided by 186.
88
What is the remainder when 7308 is divided by 939?
735
Calculate the remainder when 131623 is divided by 5.
3
What is the remainder when 104119 is divided by 1256?
1127
Calculate the remainder when 25158 is divided by 239.
63
Calculate the remainder when 2292 is divided by 2087.
205
What is the remainder when 393355 is divided by 103?
101
Calculate the remainder when 2350 is divided by 168.
166
What is the remainder when 968 is divided by 219?
92
What is the remainder when 1161 is divided by 1128?
33
Calculate the remainder when 241296 is divided by 799.
797
Calculate the remainder when 3719 is divided by 45.
29
What is the remainder when 3058 is divided by 10?
8
What is the remainder when 3132 is divided by 296?
172
What is the remainder when 496600 is divided by 41383?
4
What is the remainder when 1045 is divided by 610?
435
What is the remainder when 448 is divided by 446?
2
What is the remainder when 149686 is divided by 99?
97
Calculate the remainder when 13972 is divided by 161.
126
What is the remainder when 3756 i